actors of w.
2, 5
Let o(r) = 2*r - 9. Suppose 5*z = 14 + 16. Let a be o(z). Let x = -1 + a. What are the prime factors of x?
2
Suppose -44 = h - 3*h. Let p = -27 + h. Let t(r) = -r**3 - 5*r**2 - 3*r - 3. What are the prime factors of t(p)?
2, 3
Let p(b) = 151*b**3 + 2*b**2 - 3*b + 2. Let i be p(1). Let o(h) = -24*h - 1. Let f be o(3). Let l = f + i. What are the prime factors of l?
79
Suppose -6 = -4*u - 5*w + 1, -3*w = u. Suppose -u*t + 3*o + 147 = -0*o, 119 = 3*t + 4*o. What are the prime factors of t?
3, 5
Let u = 666 + 632. List the prime factors of u.
2, 11, 59
Let g(w) = -w**2 + 8*w - 4. Let p be g(7). Suppose -3*b + 18 = r - 1, p*r - 2*b - 2 = 0. What are the prime factors of 58/r - (-4)/(-8)?
2, 7
Suppose -2*h - 540 = 3*l - 3736, -1068 = -l + 2*h. List the prime factors of l.
2, 13, 41
Let p(u) = 2*u + 5. Let y be p(-6). Let o(l) = -7*l - 3. Let i(n) = -2*n - 1. Let t(m) = 22*i(m) - 6*o(m). List the prime factors of t(y).
2, 5
What are the prime factors of 48/(-10)*3610/(-57)?
2, 19
Let g(j) be the second derivative of -j**4/24 + 4*j**3 + 4*j**2 - 6*j. Let s(a) be the first derivative of g(a). List the prime factors of s(0).
2, 3
Suppose i - 943 = 4*l + 98, -4122 = -4*i + 2*l. What are the prime factors of i?
3, 7
Suppose 3*m - 6 = 6*m - 5*p, -p = -4*m + 9. Let b = 65 - 13. Suppose -b = -m*g - g. What are the prime factors of g?
13
Let j = 11459 - 8047. List the prime factors of j.
2, 853
Suppose 34*y - 41324 = 19706. List the prime factors of y.
5, 359
Suppose 0 = -5*q - 227 - 18. Let j be (-1034)/(-7) + (-14)/q. Suppose -7*u - j = -11*u. List the prime factors of u.
37
Let j = 41 - 39. Suppose j*b + b = 84. List the prime factors of b.
2, 7
Let w = 1074 + 85. List the prime factors of w.
19, 61
Let i(u) = u**3 + 4*u**2 - 7*u - 6. Let s be i(-5). Suppose -2*d - 2 = -2. Suppose 2*g + g - 3*y - 93 = 0, d = s*g - 5*y - 129. What are the prime factors of g?
2, 13
Let h = 50 - 35. Let y = h + -6. List the prime factors of y.
3
Let h = 38 - 20. Let v = 33 - h. List the prime factors of v.
3, 5
Let c = 35 + -9. Suppose -4*u + 563 - 159 = 0. Suppose -c = 3*r - u. What are the prime factors of r?
5
Let k be 4/(-6)*1/2*-6. Suppose -347 = -4*c + 3*n + 84, 2*c + k*n - 198 = 0. List the prime factors of c.
2, 13
Let h(m) = m**2 + 3*m + 2. Let y be h(-2). Suppose 2*b + 0*b + 20 = 3*f, -f - 2*b + 4 = y. List the prime factors of 12 - (3 + (2 - f)).
13
Let j(c) = -c. Let t be j(-1). Suppose m + t = 2, 5*v - 2*m - 18 = 0. Suppose -21 = -v*i - 5*q, 16 + 1 = 4*i + q. List the prime factors of i.
2
Let f be 27/6*(-296)/4. Let j = -152 - f. Let g = j + -108. What are the prime factors of g?
73
Let q(d) = 6*d**2 + 20*d - 53. What are the prime factors of q(17)?
43, 47
Let p = -2893 + 3542. List the prime factors of p.
11, 59
What are the prime factors of -11*((1 - 6) + 201/(-3))?
2, 3, 11
What are the prime factors of 0 - ((11 - 5) + -867)?
3, 7, 41
Suppose 3*n - 6*n - 2*t = -330, t = n - 110. What are the prime factors of n?
2, 5, 11
Let a(i) = -i**2 + 6*i - 7. Suppose 4*o - 24 = -4. Let r be a(o). List the prime factors of (1 - 0) + 17 + r.
2
Let y = 11 + -18. What are the prime factors of 2*(3 - y)/1?
2, 5
Suppose 0 = -2*h + h - 6. Let p(m) be the second derivative of m**4/12 + m**3/2 - 3*m**2 + 3*m. List the prime factors of p(h).
2, 3
What are the prime factors of (2/(-6))/(-4*(-3)/(-25524))?
709
Suppose 28*t - 9419 = 4273. List the prime factors of t.
3, 163
Let n = 1552 + -1094. Suppose -n = -4*f - 78. What are the prime factors of f?
5, 19
Let z be 18 + -2 + 5 + -3 + 0. What are the prime factors of (-37)/(-3) + (-12)/z*-1?
13
What are the prime factors of ((-6)/(-4))/((-24)/(-64)) - -448?
2, 113
Suppose -14 + 6 = -4*j. Suppose 7*l - 2*l + 260 = j*u, 5*u = 2*l + 629. List the prime factors of u.
5
Suppose 2157 = -4*q + 7741. List the prime factors of q.
2, 349
Let d(t) = 260*t - 54. What are the prime factors of d(24)?
2, 3, 1031
Let z be -6 - 7/((-21)/12). Let k be z + (-6)/(6/(-95)). Let b = k + -37. What are the prime factors of b?
2, 7
Suppose 6*f = 4276 + 3350. What are the prime factors of (-26)/(-247) + f/19?
67
Suppose -j = -4*i + 6, -i - 6 = -j - 3*j. Suppose -j*d + 3*d - 37 = -3*f, d - 5*f - 13 = 0. What are the prime factors of d?
2, 7
Suppose 0 = 491*a - 486*a - 27995. List the prime factors of a.
11, 509
Suppose 0 = 3*s - 4*s + 3. Let y(z) = -z - 11*z**s + 1 - z - 3*z**3 + z**2 + 3*z. What are the prime factors of y(-1)?
3, 5
Suppose -24*k + 0*k + 6336 = 0. List the prime factors of k.
2, 3, 11
Let o = -3161 + 4543. List the prime factors of o.
2, 691
Let w(h) = h + 9. Let u be w(-9). Suppose u - 9 = -3*m. Suppose 2*l - 3*d = 52, 4*l - m*d - 121 = -l. What are the prime factors of l?
23
Let h be (5 - 2)/(4/(-28)). Let m = h - -32. Suppose 2*o - 3*o = -m. What are the prime factors of o?
11
Suppose f + 3*m + 5 = 4*m, -13 = 5*f - m. Let k be f - ((-18)/(-1))/2. Let s(p) = p**2 + 9*p - 1. List the prime factors of s(k).
3, 7
Let x(k) = 99*k**2 + 29*k + 57. What are the prime factors of x(-4)?
5, 61
Let f(u) = 6*u - 4. Let m be f(-5). List the prime factors of 4/m - 16192/(-68).
2, 7, 17
Let n = 5 + -5. Suppose -4*y = 5*j + y - 30, -2 = -3*j + y. Suppose j*l - 5*q - 29 = n, -3*l = -q - q - 49. What are the prime factors of l?
17
Let d(z) = z**3 + 3*z**2 - 4*z - 5. Let c be d(-8). Let n = c + 417. What are the prime factors of n?
2, 31
Let n(c) = 73*c - 34. Let l(z) = 36*z - 17. Let s(q) = -7*l(q) + 4*n(q). List the prime factors of s(6).
223
What are the prime factors of 1/(536/76 + -7)?
19
Suppose 5*g = 16 - 1. Suppose v - 6*v = -265. Suppose -2*y - l = -2*l - 33, 5*l + v = g*y. What are the prime factors of y?
2
Let o(w) = w - 2. Let j be o(-7). Let n(l) = -5*l - 11. What are the prime factors of n(j)?
2, 17
Let d be 4/10 + 255/(-75). Let c(u) = u**3 + 4*u**2 + u + 6. What are the prime factors of c(d)?
2, 3
Suppose -i - 15 = -58. Let z = i - 29. Let a = z - 12. What are the prime factors of a?
2
Let w(j) = -4*j - 17. Let l be w(-5). Suppose l*g - 15 = -2*u, 3*g = -3*u - 5 + 29. Let y = u - -12. What are the prime factors of y?
3, 7
Let a = -14 - -19. Let s(r) = -r + 10. Let z be s(a). Suppose 5*f = z*u - 180, -3*u + 5*f + 108 = -10. What are the prime factors of u?
31
Let l(h) = -2*h. Let q be l(-1). Suppose 0 = -2*d - 3*x - 10, -d - q*x = 3*x + 5. Let f(a) = -a**3 - 4*a**2 + 3*a + 10. List the prime factors of f(d).
2, 5
Let d(q) = q + 74. Suppose 0 = i, -5*i = -4*b + 3*b. What are the prime factors of d(b)?
2, 37
Let i be 2/4 - (-14)/(-4). List the prime factors of 105/(i/(-1)) - 2.
3, 11
Suppose -13 + 15 = h. Suppose -5*z = -2*c - 1245, -h*z + 6*z + 5*c = 963. What are the prime factors of z?
13, 19
Let t = 16 + -13. Suppose -5*g - 100 = 3*x - 5*x, -g + t*x = 33. Let r = 2 - g. What are the prime factors of r?
2, 5
List the prime factors of ((-12)/6)/(8/(-1556)).
389
Let w(v) = -v**3 + 25*v**2 - 50*v + 7. List the prime factors of w(22).
359
Suppose -103*y - 37899 = -112*y. What are the prime factors of y?
4211
Let n(y) = 3*y**3 - 4*y**2 - 13*y + 102. What are the prime factors of n(5)?
2, 3, 13
Let v = 0 + 4. Let d be 1/((v/2)/4). Suppose -57 = -3*q + 3*z, 2*q - d*z - 3*z - 41 = 0. List the prime factors of q.
2, 3
Suppose -3*m + 1429 = -v - 1528, 4*m + 2*v = 3926. What are the prime factors of m?
2, 3, 41
Let p = 5888 + -2529. What are the prime factors of p?
3359
Let t be 528/15 + 2/(-10). Let u be (12 - 2)*(-3)/(-6). Suppose -135 = -u*y - t. What are the prime factors of y?
2, 5
Let t = 3341 - 2163. What are the prime factors of t?
2, 19, 31
Let f(i) = 3*i**3 + 100*i**2 + 17*i + 76. What are the prime factors of f(-31)?
2, 3, 523
Suppose 64 = 7*r - 3*r. Let n be 4858/r + 3/8. Suppose -5*u = -21 - n. List the prime factors of u.
5, 13
Suppose 366 - 91 = -r. Let b be ((-3)/(-5))/((-5)/r). Let q = b - 22. List the prime factors of q.
11
Suppose -m = m. Suppose -2*z - w + 35 = m, 5*w = -1 - 14. List the prime factors of z.
19
Suppose 2*q - 4*x - 39 = -x, 4*x + 20 = 0. Suppose 0 = -b + m - q, m = b - m + 14. Let n = 32 + b. List the prime factors of n.
2, 11
Let g(s) = 3*s**2 - 14*s. Let o be g(6). List the prime factors of (-165)/(-2)*32/o.
2, 5, 11
Let g = -177 + -57. List the prime factors of 27/(-18) + g/(-4).
3, 19
Let w be 